et m be ((8/(-10))/1)/((-17)/(-170)). Let h be x(m). What is the highest common divisor of 42 and h?
21
Let r(j) = -22*j**2 + 13*j + 9. Let f(b) = 4*b**2 - 1. Let n(m) = 6*f(m) + r(m). Let h be n(-7). Calculate the highest common factor of h and 670.
10
Suppose 379 = 74*f - 323*f + 1126. Suppose q + 2*u - 392 = -4*q, 4*q - 5*u = 307. What is the greatest common divisor of q and f?
3
Let q = 36889 - 24555. Calculate the greatest common divisor of 14 and q.
14
Suppose 2*f = -4*p + 108, -72 = -3*f - 2*p + 78. Let u be f/(-18)*9/4*2. Let g be (0 - -1)/(u/(-28))*3. What is the highest common divisor of 21 and g?
7
Let v = 18416 + -13120. What is the greatest common factor of 32 and v?
16
Let m(r) = -r**2 - 12*r - 12. Let z be m(-12). Let u = -9 - z. Suppose -t - 20 - 14 = -n, -3*n + 103 = -4*t. What is the highest common divisor of u and n?
3
Suppose i = -387 + 390. Suppose -5*j - 24*r + 249 = -23*r, 0 = -i*j - 5*r + 145. What is the greatest common factor of 250 and j?
50
Suppose -y + 3*i - 33 = 0, -2*i = 4*y + 7 + 139. Let z be 3*4*(-3)/y. Suppose -63 = -2*s + z. What is the highest common factor of s and 4?
4
Suppose -14*l + 17*l - 108 = 0. Let c be 7 + (-168)/l - 2/6. What is the greatest common divisor of 62 and c?
2
Let g(d) = 112*d - 2373. Let x be g(60). What is the highest common divisor of 189 and x?
189
Let s = 306 - 210. Suppose 3*o + 16 = 4*o + 4*u, 4*o = 4*u + 44. Calculate the highest common factor of s and o.
12
Let q(w) be the third derivative of w**6/120 - 23*w**5/60 + 25*w**4/8 + 11*w**3/3 + 50*w**2. Let a be q(20). Calculate the greatest common factor of a and 14.
14
Suppose -43*n - 120379 + 303367 = 35*n. What is the highest common factor of n and 136?
34
Suppose -3*z + 1548 = n, 0 = -n + 3*n. Let o be -4 + 0 + z/4. Let y(m) = -m**2 - 10*m + 1. Let k be y(-6). Calculate the greatest common divisor of o and k.
25
Let b = -4 + 5. Let d = 91 + -82. Suppose 129*f + d = 138*f. What is the highest common factor of b and f?
1
Let i = -2542 + 2776. Calculate the greatest common divisor of 1222 and i.
26
Suppose 156*t = -5*b + 152*t + 4758, -2*b + t = -1898. Calculate the highest common divisor of 350 and b.
50
Let j(k) = 21 - k**3 + 18*k + 17*k + 275*k**2 + 5*k - 265*k**2 - k. Let i be j(13). Suppose 0 = -3*n + 357 - 42. What is the greatest common divisor of i and n?
21
Suppose -a + 3*i = 10, -3*i = 2*a - 2*i - 8. Suppose -296 = -4*o + 3*r, -5*o = -135*r + 138*r - 370. What is the greatest common factor of o and a?
2
Let u(a) = a**3 + 6*a**2 + 6*a + 16. Let s be u(-8). Let w = s + 424. What is the highest common divisor of 33 and w?
33
Let h = 271 + -200. Suppose 4*q - 88 = -3*i + 126, 0 = i + q - h. What is the highest common factor of 70 and i?
70
Suppose 4*r - 16 = -5*y, 9*r = 4*r - 5. Suppose n + 3 = 7, a = y*n + 941. Calculate the highest common divisor of a and 33.
33
Let w be ((-693)/33)/(6/(-4)). Suppose d + w - 168 = 0. Calculate the highest common factor of 14 and d.
14
Suppose m - 2378 = -5*y, -126*y + 4*m = -127*y + 449. Calculate the highest common factor of 5300 and y.
53
Let t = -82 + 120. Let x be (-6)/(-7)*154/66. Suppose t = 5*d - x. Calculate the highest common divisor of 40 and d.
8
Suppose 24*y + 2*d = 23*y + 12407, 4*y + 6*d = 49624. Calculate the highest common factor of y and 79.
79
Let r = -59 + 113. Let i(k) = 134*k**2 - 6*k + 7. Let f be i(1). What is the highest common divisor of r and f?
27
Suppose 0 = -34*k + 29493 + 155909. What is the greatest common divisor of k and 2009?
287
Let y(s) = -2*s**2 - 51*s - 82. Let a be y(-22). Calculate the greatest common factor of 810 and a.
18
Let k(f) = 10*f - 24. Let u be k(8). Let m = -624 + 876. What is the greatest common divisor of u and m?
28
Suppose -t + 819 = -5*b, -3*t = -16*b + 11*b - 2387. What is the greatest common factor of t and 2688?
112
Let z = -487 - -620. Calculate the highest common factor of z and 77.
7
Suppose 0 = -5*y + 8*y - 84. Suppose -y*p + 24*p = -76. Let w be 500/(-30)*(p/(-2) + 2). What is the greatest common divisor of 25 and w?
25
Suppose -16*t + 55*t - 211999 = -63409. Calculate the greatest common factor of t and 45.
15
Suppose 4*x - 3*x + 4*f = 13, f - 2 = 0. Let d be ((-12)/x)/(36/(-1530)). Calculate the greatest common factor of d and 12.
6
Suppose 49*l - 11760 = -26*l + 5*l. Calculate the highest common factor of 56 and l.
56
Let x(v) = 9*v + 4. Let j be x(4). Let a be 50*(48/3)/8. What is the highest common factor of j and a?
20
Suppose 35*p + 27*p + 1728 = 98*p. What is the highest common factor of 1104 and p?
48
Suppose 5*q = s - 3*s + 28, -s + 3*q - 8 = 0. Suppose -115906 = -30*b - 115546. What is the greatest common factor of s and b?
4
Let i(k) = k**3 - 35*k**2 + 79*k - 25. Let t be i(33). Let d = 1145 - t. What is the highest common factor of d and 38?
19
Suppose 0 = 6*p - 13 - 5. Let i be (-14)/((9/(-12)*2)/p). Calculate the highest common divisor of i and 4.
4
Let z = -67 - -95. Let p be (2 - -123) + 190/266 + 4/14. What is the highest common divisor of p and z?
14
Let i(j) = -j + 10. Let t be i(8). Let d(o) = 43*o - 2. Let h be d(t). Let m = -2102 + 2123. Calculate the highest common factor of h and m.
21
Let t = 34 + -32. Suppose 2*u - 18 = -4*u. Suppose u*c - 2 = 2*c. What is the highest common factor of c and t?
2
Let r(l) = -l + 36. Let t be r(-11). Let u = t + -42. Suppose -5*z = -6*z - u*v + 162, -310 = -2*z - 3*v. What is the greatest common factor of z and 38?
38
Suppose -21*q + 18*q = -9. Suppose 0 = 3*t - t. Suppose t = -q*n - 19 + 22. Calculate the greatest common divisor of n and 2.
1
Let n be -6 - 2 - 11/(66/(-102)). What is the highest common factor of n and 576?
9
Suppose -o + 18 = 2*o. Let g(t) = 2*t**2 + 104*t + 2. Let y be g(0). Calculate the greatest common factor of o and y.
2
Let t(a) = -81*a - 745. Let c be t(-19). What is the greatest common factor of c and 2?
2
Suppose -5*u + 50 - 15 = 0. Suppose -1 - u = -4*j. Let t be j + (-4)/8 - (-99)/6. What is the greatest common factor of t and 162?
18
Suppose 0 = 5*r - 103 + 88. Let p be (0 + (-2)/r)/((-12)/(-18)). Let k be p/(2 - (-1676)/(-836)). What is the highest common factor of k and 19?
19
Let z be 1 + 0 - (-1)/(-3)*-3. Let r be 2*(-5)/20 + 613/z. Calculate the highest common divisor of r and 18.
18
Let y = -16 - -49. Suppose -7*k + 3231 = 32*k - 8352. Calculate the highest common factor of k and y.
33
Let n be ((-288)/(-108))/((-2)/12*6/(-9)). Calculate the greatest common factor of 1308 and n.
12
Let k be 1/(-2) - (13 - 300/8). Calculate the highest common divisor of 141 and k.
3
Let u(j) = -j**2 + 17*j - 40. Let v be u(14). Let m be (-430)/(-6) - -10*v/(-12). What is the greatest common factor of m and 28?
14
Suppose 0 = 4*u - u + 3*q - 84, 2*q + 40 = u. Calculate the highest common factor of 256 and u.
32
Let p be (-6)/(-14) - 56368/91. Let o = p + 693. What is the greatest common divisor of 814 and o?
74
Suppose 4*u = u + 210. Let m(z) = 3*z - 34. Let d be m(18). What is the highest common divisor of u and d?
10
Let v = 5 + 0. Suppose -3*p - p + 36 = -v*g, -16 = -2*p + 2*g. Suppose -772*c + 2369*c = 875*c + 825*c - 412. What is the greatest common divisor of p and c?
4
Let n(f) = -3*f**2 - 216*f - 578. Let k be n(-69). What is the greatest common divisor of k and 4859?
43
Let v(r) = -21*r - 32. Let i = -207 - -199. Let b be v(i). Calculate the highest common factor of 8 and b.
8
Let p be (-18)/(-5) - (-6)/15. Suppose 0 = 502*m - 494*m - 32. Suppose m*s = -p*u + s + 33, -5*u + 42 = 3*s. Calculate the greatest common divisor of 27 and u.
9
Suppose k - 8*k = -0*k. Suppose 560 = -k*r + 2*r. Let l = r - 135. Calculate the greatest common divisor of 29 and l.
29
Suppose 0 = 2*y + 127 - 137. Suppose -y = z - 19. Calculate the highest common divisor of z and 84.
14
Suppose -223*b + 217*b + 71 + 169 = 0. What is the highest common divisor of b and 500?
20
Let h = 349 - 465. Let t be (h/10)/(37/(-5) - -7). What is the highest common factor of 899 and t?
29
Let m be (-7)/2 + (-2)/4. Suppose -6*l - 5*l - 220 = 0. Let i be 1*(l/(-5) - m). What is the greatest common divisor of 72 and i?
8
Let u be 3828/165 - 4/(-5). Suppose u*r = 14*r + 140. What is the greatest common divisor of 210 and r?
14
Suppose 3*m + 4*t - 3738 = 0, 0 = -2*m - 9*t + 4*t + 2485. 